{"id":799,"date":"2019-07-02T12:01:38","date_gmt":"2019-07-02T12:01:38","guid":{"rendered":"http:\/\/rioabierto.org.ar\/?page_id=799"},"modified":"2024-05-06T23:33:45","modified_gmt":"2024-05-06T23:33:45","slug":"sobre-nuestro-sistema","status":"publish","type":"page","link":"http:\/\/rioabierto.org.ar\/index.php\/sobre-nuestro-sistema\/","title":{"rendered":"nuestro sistema"},"content":{"rendered":"\n<p>R\u00edo Abierto es una invitaci\u00f3n a una vida m\u00e1s plena, a gozar de todas las potencialidades de nuestro ser y a salir del c\u00edrculo del miedo y desconfianza en que parece transcurrir la vida actual. Es una propuesta profundamente espiritual, si bien no es religiosa ni dogm\u00e1tica, que se basa en un principio de libertad y confianza en el potencial humano. Quienes concurren a R\u00edo Abierto son buscadores que no se contentan con la realidad aparente, buscan otra calidad de vida y suelen transformarse en agentes de cambio en los lugares donde desarrollan su vida cotidiana.<\/p>\n\n\n\n<figure class=\"wp-block-embed is-type-video is-provider-youtube wp-block-embed-youtube wp-embed-aspect-16-9 wp-has-aspect-ratio\"><div class=\"wp-block-embed__wrapper\">\n<iframe loading=\"lazy\" title=\"Mar\u00eda Adela Palcos, charla por Zoom - 6 de junio de 2020\" width=\"780\" height=\"439\" src=\"https:\/\/www.youtube.com\/embed\/ffVTafQLPwg?feature=oembed\" frameborder=\"0\" allow=\"accelerometer; autoplay; clipboard-write; encrypted-media; gyroscope; picture-in-picture; web-share\" referrerpolicy=\"strict-origin-when-cross-origin\" allowfullscreen><\/iframe>\n<\/div><\/figure>\n\n\n\n<figure class=\"wp-block-embed is-type-video is-provider-youtube wp-block-embed-youtube wp-embed-aspect-16-9 wp-has-aspect-ratio\"><div class=\"wp-block-embed__wrapper\">\n<iframe loading=\"lazy\" title=\"54 a\u00f1os de R\u00edo Abierto\" width=\"780\" height=\"439\" src=\"https:\/\/www.youtube.com\/embed\/sEQm66j_Fqc?start=14&#038;feature=oembed\" frameborder=\"0\" allow=\"accelerometer; autoplay; clipboard-write; encrypted-media; gyroscope; picture-in-picture; web-share\" referrerpolicy=\"strict-origin-when-cross-origin\" allowfullscreen><\/iframe>\n<\/div><\/figure>\n\n\n\n<figure class=\"wp-block-embed is-type-video is-provider-youtube wp-block-embed-youtube wp-embed-aspect-16-9 wp-has-aspect-ratio\"><div class=\"wp-block-embed__wrapper\">\n<iframe loading=\"lazy\" title=\"El poder de R\u00edo Abierto para la Autenticidad Personal  Conversaci\u00f3n Circular con Lidia Crescente\" width=\"780\" height=\"439\" src=\"https:\/\/www.youtube.com\/embed\/hLPPgZumr3c?feature=oembed\" frameborder=\"0\" allow=\"accelerometer; autoplay; clipboard-write; encrypted-media; gyroscope; picture-in-picture; web-share\" referrerpolicy=\"strict-origin-when-cross-origin\" allowfullscreen><\/iframe>\n<\/div><\/figure>\n\n\n\n<p><\/p>\n\n\n\n<div class=\"wp-block-button\"><a class=\"wp-block-button__link has-very-light-gray-color has-luminous-vivid-orange-background-color has-text-color has-background\" href=\"http:\/\/rioabierto.org.ar\/wp-content\/uploads\/2021\/08\/Kine148-Ri\u0301oAbiertoArte.pdf \">R\u00cdOS QUE SE ABREN POR EL CAMINO DEL ARTE. ART\u00cdCULO DE INSTRUCTORA LIDIA CRESCENTE, PUBLICADO EN REVISTA KINE, AGOSTO 2021<\/a><\/div>\n\n\n\n<div class=\"wp-block-button\"><a class=\"wp-block-button__link has-very-light-gray-color has-vivid-red-background-color has-text-color has-background\" href=\"http:\/\/rioabierto.org.ar\/wp-content\/uploads\/2019\/10\/news10octweb.pdf\">ESCUELA DE FORMACI\u00d3N 2020<\/a><\/div>\n\n\n\n<div class=\"wp-block-button\"><a class=\"wp-block-button__link has-very-light-gray-color has-light-green-cyan-background-color has-text-color has-background\" href=\"http:\/\/rioabierto.org.ar\/wp-content\/uploads\/2019\/10\/News4octubweb-2.pdf\">EL PODER DEL MASAJE<\/a><\/div>\n\n\n\n<div class=\"wp-block-button\"><a class=\"wp-block-button__link has-very-light-gray-color has-luminous-vivid-orange-background-color has-text-color has-background\" href=\"http:\/\/rioabierto.org.ar\/wp-content\/uploads\/2019\/09\/N6.Corregido.20.9.pdf\">REFLEXIONES SOBRE INMERSI\u00d3N 2019<\/a><\/div>\n\n\n\n<div class=\"wp-block-button\"><a class=\"wp-block-button__link has-very-light-gray-color has-vivid-red-background-color has-text-color has-background\" href=\"http:\/\/rioabierto.org.ar\/wp-content\/uploads\/2019\/09\/news5.enpdfparaweb.pdf\">HACIA UNA NUEVA HUMANIDAD<\/a><\/div>\n\n\n\n<div class=\"wp-block-button\"><a class=\"wp-block-button__link has-very-light-gray-color has-light-green-cyan-background-color has-text-color has-background\" href=\"http:\/\/rioabierto.org.ar\/wp-content\/uploads\/2019\/09\/Kine138-pag9-RioAbierto.pdf\">Fragmento del libro &#8220;Del cuerpo hacia la luz&#8221;, de Mar\u00eda Adela Palcos. Publicado en la Revista KINE 138, agosto\/octubre 2019<\/a><\/div>\n\n\n\n<div class=\"wp-block-button\"><a class=\"wp-block-button__link has-very-light-gray-color has-vivid-purple-background-color has-text-color has-background\" href=\"http:\/\/rioabierto.org.ar\/wp-content\/uploads\/2019\/09\/NEWS4.PDFOK_-1.pdf\">TALLER DEL \u00daLTIMO S\u00c1BADO<\/a><\/div>\n\n\n\n<div class=\"wp-block-button is-style-default\"><a class=\"wp-block-button__link has-very-light-gray-color has-vivid-red-background-color has-text-color has-background\" href=\"http:\/\/rioabierto.org.ar\/wp-content\/uploads\/2019\/08\/NEWS1.16AGOSTO.pdf\">NOS RENOVAMOS <\/a><\/div>\n","protected":false},"excerpt":{"rendered":"<p>R\u00edo Abierto es una invitaci\u00f3n a una vida m\u00e1s plena, a gozar de todas las potencialidades de nuestro ser y [&hellip;]<\/p>\n","protected":false},"author":1,"featured_media":0,"parent":0,"menu_order":0,"comment_status":"closed","ping_status":"closed","template":"","meta":[],"_links":{"self":[{"href":"http:\/\/rioabierto.org.ar\/index.php\/wp-json\/wp\/v2\/pages\/799"}],"collection":[{"href":"http:\/\/rioabierto.org.ar\/index.php\/wp-json\/wp\/v2\/pages"}],"about":[{"href":"http:\/\/rioabierto.org.ar\/index.php\/wp-json\/wp\/v2\/types\/page"}],"author":[{"embeddable":true,"href":"http:\/\/rioabierto.org.ar\/index.php\/wp-json\/wp\/v2\/users\/1"}],"replies":[{"embeddable":true,"href":"http:\/\/rioabierto.org.ar\/index.php\/wp-json\/wp\/v2\/comments?post=799"}],"version-history":[{"count":50,"href":"http:\/\/rioabierto.org.ar\/index.php\/wp-json\/wp\/v2\/pages\/799\/revisions"}],"predecessor-version":[{"id":1978,"href":"http:\/\/rioabierto.org.ar\/index.php\/wp-json\/wp\/v2\/pages\/799\/revisions\/1978"}],"wp:attachment":[{"href":"http:\/\/rioabierto.org.ar\/index.php\/wp-json\/wp\/v2\/media?parent=799"}],"curies":[{"name":"wp","href":"https:\/\/api.w.org\/{rel}","templated":true}]}}